 is divided by 19?
2
Calculate the remainder when 615 is divided by 20.
15
What is the remainder when 1136 is divided by 20?
16
Calculate the remainder when 3813 is divided by 6.
3
Calculate the remainder when 34 is divided by 33.
1
What is the remainder when 296 is divided by 9?
8
What is the remainder when 164 is divided by 24?
20
What is the remainder when 322 is divided by 13?
10
What is the remainder when 77 is divided by 60?
17
Calculate the remainder when 185 is divided by 178.
7
What is the remainder when 119 is divided by 48?
23
Calculate the remainder when 1483 is divided by 492.
7
What is the remainder when 66 is divided by 4?
2
What is the remainder when 3721 is divided by 82?
31
What is the remainder when 738 is divided by 30?
18
What is the remainder when 2359 is divided by 587?
11
What is the remainder when 354 is divided by 317?
37
Calculate the remainder when 284 is divided by 72.
68
Calculate the remainder when 503 is divided by 60.
23
Calculate the remainder when 898 is divided by 100.
98
What is the remainder when 481 is divided by 9?
4
Calculate the remainder when 288 is divided by 14.
8
Calculate the remainder when 661 is divided by 171.
148
Calculate the remainder when 257 is divided by 69.
50
Calculate the remainder when 915 is divided by 102.
99
Calculate the remainder when 1715 is divided by 66.
65
Calculate the remainder when 314 is divided by 32.
26
What is the remainder when 601 is divided by 198?
7
What is the remainder when 300 is divided by 56?
20
Calculate the remainder when 11337 is divided by 21.
18
Calculate the remainder when 390 is divided by 96.
6
What is the remainder when 520 is divided by 127?
12
Calculate the remainder when 611 is divided by 12.
11
What is the remainder when 59 is divided by 33?
26
Calculate the remainder when 250 is divided by 146.
104
What is the remainder when 366 is divided by 6?
0
Calculate the remainder when 21938 is divided by 37.
34
What is the remainder when 2818 is divided by 113?
106
Calculate the remainder when 110 is divided by 28.
26
Calculate the remainder when 265 is divided by 33.
1
Calculate the remainder when 181 is divided by 42.
13
What is the remainder when 1289 is divided by 40?
9
Calculate the remainder when 96 is divided by 11.
8
Calculate the remainder when 22 is divided by 3.
1
Calculate the remainder when 157 is divided by 14.
3
Calculate the remainder when 976 is divided by 176.
96
Calculate the remainder when 251 is divided by 24.
11
Calculate the remainder when 519 is divided by 395.
124
What is the remainder when 138 is divided by 10?
8
What is the remainder when 808 is divided by 51?
43
What is the remainder when 382 is divided by 43?
38
Calculate the remainder when 396 is divided by 65.
6
Calculate the remainder when 1486 is divided by 12.
10
What is the remainder when 17 is divided by 3?
2
Calculate the remainder when 100 is divided by 73.
27
Calculate the remainder when 687 is divided by 13.
11
Calculate the remainder when 162 is divided by 87.
75
What is the remainder when 704 is divided by 96?
32
What is the remainder when 311 is divided by 38?
7
What is the remainder when 2754 is divided by 2745?
9
Calculate the remainder when 277 is divided by 20.
17
Calculate the remainder when 9336 is divided by 58.
56
Calculate the remainder when 2266 is divided by 54.
52
What is the remainder when 4893 is divided by 24?
21
What is the remainder when 116 is divided by 12?
8
What is the remainder when 11 is divided by 5?
1
What is the remainder when 1925 is divided by 214?
213
Calculate the remainder when 428 is divided by 87.
80
What is the remainder when 229 is divided by 52?
21
What is the remainder when 210 is divided by 43?
38
What is the remainder when 3149 is divided by 150?
149
Calculate the remainder when 438 is divided by 168.
102
Calculate the remainder when 1171 is divided by 386.
13
What is the remainder when 509 is divided by 125?
9
What is the remainder when 612 is divided by 88?
84
Calculate the remainder when 247 is divided by 50.
47
What is the remainder when 35 is divided by 13?
9
Calculate the remainder when 1608 is divided by 9.
6
Calculate the remainder when 107 is divided by 37.
33
Calculate the remainder when 49452 is divided by 315.
312
What is the remainder when 1036 is divided by 7?
0
What is the remainder when 2933 is divided by 8?
5
Calculate the remainder when 7699 is divided by 140.
139
Calculate the remainder when 1454 is divided by 47.
44
Calculate the remainder when 130 is divided by 74.
56
What is the remainder when 735 is divided by 81?
6
What is the remainder when 38 is divided by 38?
0
Calculate the remainder when 2257 is divided by 5.
2
What is the remainder when 1364 is divided by 169?
12
What is the remainder when 13034 is divided by 79?
78
What is the remainder when 144 is divided by 50?
44
What is the remainder when 19 is divided by 11?
8
Calculate the remainder when 468 is divided by 410.
58
Calculate the remainder when 1248 is divided by 5.
3
Calculate the remainder when 2631 is divided by 47.
46
Calculate the remainder when 645 is divided by 26.
21
What is the remainder when 98 is divided by 19?
3
What is the remainder when 263 is divided by 138?
125
Calculate the remainder when 39 is divided by 5.
4
Calculate the remainder when 23 is divided by 18.
5
Calculate the remainder when 158 is divided by 31.
3
Calculate the remainder when 4167 is divided by 261.
252
Calculate the remainder when 419 is divided by 109.
92
What is the remainder when 958 is divided by 96?
94
Calculate the remainder when 4008 is divided by 14.
4
Calculate the remainder when 2493 is divided by 278.
269
Calculate the remainder when 748 is divided by 5.
3
Calculate the remainder when 678 is divided by 86.
76
What is the remainder when 2661 is divided by 70?
1
What is the remainder when 58 is divided by 33?
25
What is the remainder when 122 is divided by 25?
22
What is the remainder when 1805 is divided by 11?
1
Calculate the remainder when 5249 is divided by 97.
11
What is the remainder when 3082 is divided by 1024?
10
Calculate the remainder when 404 is divided by 17.
13
What is the remainder when 189 is divided by 38?
37
What is the remainder when 486 is divided by 124?
114
What is the remainder when 2663 is divided by 17?
11
What is the remainder when 849 is divided by 34?
33
Calculate the remainder when 21 is divided by 10.
1
Calculate the remainder when 260 is divided by 21.
8
What is the remainder when 1560 is divided by 46?
42
What is the remainder when 367 is divided by 94?
85
What is the remainder when 961 is divided by 14?
9
What is the remainder when 383 is divided by 10?
3
Calculate the remainder when 2500 is divided by 65.
30
What is the remainder when 217 is divided by 111?
106
What is the remainder when 336 is divided by 56?
0
Calculate the remainder when 12431 is divided by 21.
20
What is the remainder when 224 is divided by 15?
14
Calculate the remainder when 1531 is divided by 70.
61
Calculate the remainder when 4705 is divided by 32.
1
What is the remainder when 824 is divided by 28?
12
Calculate the remainder when 175 is divided by 45.
40
What is the remainder when 113 is divided by 49?
15
What is the remainder when 48 is divided by 47?
1
Calculate the remainder when 602 is divided by 14.
0
What is the remainder when 260 is divided by 98?
64
What is the remainder when 175 is divided by 86?
3
What is the remainder when 365 is divided by 37?
32
Calculate the remainder when 713 is divided by 262.
189
What is the remainder when 213 is divided by 18?
15
Calculate the remainder when 2955 is divided by 114.
105
What is the remainder when 1028 is divided by 201?
23
What is the remainder when 192 is divided by 80?
32
What is the remainder when 394 is divided by 105?
79
Calculate the remainder when 2252 is divided by 46.
44
Calculate the remainder when 26227 is divided by 43.
40
Calculate the remainder when 3341 is divided by 556.
5
Calculate the remainder when 83 is divided by 21.
20
What is the remainder when 310 is divided by 90?
40
Calculate the remainder when 53 is divided by 17.
2
Calculate the remainder when 769 is divided by 735.
34
Calculate the remainder when 125 is divided by 18.
17
What is the remainder when 4779 is div